t o(d) = 16*d**2 + d. Calculate o(t).
15
Let c(w) = 10914*w + 10912*w + w**2 - 32746*w + 41 + 10905*w. Give c(9).
-13
Let n(c) = -10401*c + 5202*c + 5200*c + 4. Suppose 40 - 8 = -8*h. Give n(h).
0
Let p(q) be the first derivative of -q**2/2 - 4*q - 12477. Let u(o) = o**2 - 9*o - 14. Let c be u(10). Determine p(c).
0
Let w(n) be the first derivative of -n - 66 + 1/2*n**2. Calculate w(-7).
-8
Let g(v) = 74*v - 1. Let s(n) = 90*n. Let m(l) = -5*g(l) + 4*s(l). Calculate m(1).
-5
Let z(a) = -4*a + 3*a + 5 + 1. Let m be (-456)/(-32) + -13 - (-2)/(-8). Let d be (m - 1)/1 + 380/(-76). Determine z(d).
11
Let s(n) = n + 1. Let h be s(-3). Let y(r) = -2*r**3 - r**2 + 4*r + 372 + 476 - 841. What is y(h)?
11
Let l(k) be the third derivative of k**5/60 - k**4/8 - k**3/6 - 2*k**2. Let t be ((-22)/3)/(40/(-24) - -1). Let v be 96/44 - 2/t. Determine l(v).
-3
Let a(p) be the first derivative of -p - 1/3*p**3 - 1/2*p**2 - 3*p**4 + 69. Give a(-1).
11
Let s(f) = 9*f**2 + 6*f - 6. Let r(q) = -2*q**3 - 12*q**2 - 8*q + 8. Let t(i) = -3*r(i) - 4*s(i). Suppose 2*u - 4 + 2 = 0. What is t(u)?
6
Let t(c) = 7*c**3 - 16*c**2 + c + 8. Let d(k) = -8*k**3 + 20*k**2 - 3*k - 10. Let p(o) = -6*d(o) - 7*t(o). Determine p(-8).
-84
Suppose -72 + 52 = 4*c. Let g(f) = f**2 - 3*f. Let w(l) = 3*l**2 - 19*l + 1. Let s(h) = 4*g(h) - w(h). What is s(c)?
-11
Let v(k) = 8661*k - 17318*k + 8658*k + 3. Determine v(-1).
2
Let f(l) = -2*l**3 + 5*l**2 - l - 12. Suppose 5 = -5*c, -2*y - 4*c - 16 = -6*y. Give f(y).
-24
Suppose 108*h = 104*h + 144. Suppose -2*x + h = -4*o, 0*o - 4*o - 60 = -4*x. Let j(i) = i**2 - 13*i + 17. Determine j(x).
5
Let o(r) = -5 + 4*r - 3*r + 0*r. Let c(b) = -32*b + 292. Let w be c(9). Determine o(w).
-1
Let g be (-16)/(-2) - (-21)/((-21)/3). Suppose 0 = 6*x - x + 5*b + 45, g*b + 3 = -2*x. Let n(l) = -l - 1. Calculate n(x).
13
Suppose 4*i - 4*m = -32, -2*i + 31*m - 30*m - 17 = 0. Let n(y) = y**3 + 8*y**2 - 14*y - 14. Calculate n(i).
31
Let h(p) = -9*p - 53. Let w be h(-6). Let m(a) = -32*a - 27*a - 1 + w + 42*a. Calculate m(2).
-34
Let q = -135 - -75. Let u be 10/(-35) - q/14. Let g(v) = 4*v**3 - 5*v**2 - 5. Let d(y) = 11*y**3 - 15*y**2 + y - 14. Let x(k) = -3*d(k) + 8*g(k). What is x(u)?
6
Let t(r) = r**3 - 20*r**2 - 19*r - 40. Let o be t(21). Suppose 0 = -o*u + 3*x - 17, 6*u = u + 5*x - 40. Let c(i) = -i**3 - 8*i**2 - 6*i + 2. Calculate c(u).
-5
Let v(o) = 4*o**2 - o - 2. Suppose -45 = 5*t - 5*d, 5*t + 0*d + 3*d = -53. Let j be (-80)/t - (0 + 6). Determine v(j).
12
Let i(o) = o - 7. Let v(u) = u**3 - 21*u**2 + 4*u - 31. Let g be v(21). Suppose 4*l = 2*p + 46, 0*p + 2*p - g = -5*l. Determine i(l).
4
Let w(g) = 2*g + 1. Let s(n) = -4*n**2 - 3*n + 5. Let y(c) = -2*s(c) + 4*w(c). Let o(f) = -7*f**2 - 12*f + 5. Let l(b) = -7*o(b) - 6*y(b). Determine l(0).
1
Let q(c) = -13*c - 1. Let v(r) = -11*r - 2. Let o(g) = -6*q(g) + 7*v(g). Let l(j) = -j - 1. Let h(u) = -2*l(u) - o(u). Give h(-11).
-1
Let i(k) = k**3 + 2*k**2 - 2*k - 3. Let g be i(-2). Let n(s) be the second derivative of 5*s**4/6 + s**2/2 - 2104*s - 7. What is n(g)?
11
Let w(l) = -l**2 - 4*l + 11. Let s = -13 - -8. Let n be w(s). Let g be (-1)/3 + n/(-9). Let o(f) = -9*f**3 + f**2 + 2*f + 1. Determine o(g).
9
Let d(c) = -4*c**2 + 2*c + 10. Let h(q) = 7*q**2 - 3*q - 19. Let j(v) = -5*d(v) - 3*h(v). Let s be -183 + 173 + 14 + 0. Calculate j(s).
-13
Let o(h) = -h**2 + 5*h + 3. Let b = -1200 + 2043. Let w = -847 + b. Determine o(w).
-33
Let g(x) = x**3 - 5*x**2 - 7*x - 7. Let i be 194 + -3 + 3 + 2. Suppose -i + 214 = 3*m. Determine g(m).
-13
Let a(g) be the third derivative of -g**6/120 + g**5/15 + 11*g**4/24 + g**3/2 - g**2. Suppose 21*l - 452 = -326. Calculate a(l).
-3
Suppose -6 = p + 2*p. Let g(i) = 2*i**3 - 2*i + 2. Let l be g(1). Let v(b) = -b**3 + 2 - 4 + l*b + 2*b**3 + 3*b**2. Give v(p).
-2
Let i = -22 + -59. Let k = -83 - i. Let p(u) = 4*u + 2. Calculate p(k).
-6
Let o(r) = -r**2 - 16*r + 9. Suppose 4*m - 6*m + d - 26 = 0, -3*m - 5*d = 78. Determine o(m).
9
Suppose -t = s + 3*s + 21, 23 = -2*s - 3*t. Let j be ((-9)/(-36))/((-1)/s). Let w be j*(5 - (4 - 0)) - 6. Let h(n) = 2*n + 5. Give h(w).
-5
Let r = 26547 - 26547. Let h(d) = -d**2 + 6*d - 46. Give h(r).
-46
Let i(v) be the first derivative of v**6/120 - v**5/15 - 5*v**4/24 + v**3 + 31*v**2 - 51. Let h(f) be the second derivative of i(f). Calculate h(4).
-14
Suppose -4*z = 5*x - 28, 4 = -4*x - 5*z + 30. Let r(u) be the second derivative of 0 - 5/2*u**2 + 0*u**x - 18*u + 0*u**3 + 1/20*u**5. Calculate r(0).
-5
Let x be 6/(-3)*-3 - 0. Let k(t) = -t**2 + 8*t - 7. Let q be k(x). Let a(i) be the third derivative of i**5/60 - i**4/6 - i**3/3 + 29*i**2 - 68. Give a(q).
3
Let k(g) = -2*g - 19. Let u be k(-5). Let z be 6/u + (64/(-3))/(-8). Let c(d) = -10*d + 3. Determine c(z).
-17
Let k(r) be the third derivative of 2*r + 5/6*r**3 - 1/6*r**4 + 0 + 1/60*r**5 + 50*r**2. What is k(4)?
5
Let a be 2/(-4) + (-20)/(-8). Let q(x) = -3*x - 114*x**2 + 2*x - 9 + x**3 + 113*x**a. Let t(y) = -11*y**2 - 31*y + 6. Let b be t(-3). Give q(b).
-9
Let p(h) = h**2 - h. Let j be p(3). Suppose -20 = -j*q + 11*q. Let i(u) = -u**3 - 5*u**2 - 6*u - 5. Calculate i(q).
3
Let v(b) = 163860 + 8*b + b**2 - 163884 + 21*b. Give v(-30).
6
Let t(u) = 7*u**3 + 9*u**2 - 8*u - 51. Let s(z) = 36*z**3 + 46*z**2 - 41*z - 264. Let i(v) = 6*s(v) - 31*t(v). Determine i(-3).
-9
Let u(b) = -b + 5. Let z = 43 + -30. Suppose 0 = 14*a - 57 - z. Give u(a).
0
Let r = 7161 - 7141. Let b(k) = -3*k + 52. Give b(r).
-8
Let f(h) = h - 10. Let x(v) = -v**2 + 28*v - 47. Let a be x(26). Suppose 2*g - a*s - 7 = -17, -4*g - 5*s + 10 = 0. What is f(g)?
-10
Let l(s) = 39 + 9*s**3 - 5*s**3 - 10 - 3*s**3. Determine l(0).
29
Let a(i) = i + 8. Suppose 3*w - 5*h = -5, 5*h + 1 = -4*w + 6. Suppose w = 2*m + 3*p - 1 + 19, 0 = -m - 3*p - 3. Determine a(m).
-7
Let b(n) be the first derivative of -1/40*n**5 + 0*n**2 + 1/6*n**4 + 0*n - 5/3*n**3 - 1/360*n**6 + 21. Let m(u) be the third derivative of b(u). What is m(-4)?
0
Let d(z) = z**2 - 5*z - 5. Let c(g) be the third derivative of g**6/120 + 2*g**5/15 + 11*g**4/24 - g**3 - 95*g**2. Let b be c(-3). Calculate d(b).
1
Let k(f) = -3*f**2 - 3*f - 1. Suppose 0 = -25*i + 33 - 110 - 73. Determine k(i).
-91
Let s be 0/(8/6*9*(-13)/156). Let n(m) = -m**2 - m + 82. Determine n(s).
82
Let y(a) = -40 - 431 + 41*a + 82*a - 147. Give y(5).
-3
Let f(j) = -1591*j + 4777. Let l be f(3). Let a(w) = -w**3 + 6*w**2 - 5*w + 11. Give a(l).
23
Let c(i) = -i**3 - 3*i**2 + 4*i - 3. Let z = 5 + -3. Let r be (5*6/5)/z. Suppose r*f - 5 = -5*h - 15, 4*h + 30 = 2*f. What is c(h)?
27
Let p(z) = -z**3 + 4*z**2 + 6*z - 6. Suppose 59 - 539 = -8*j. Suppose -j = -11*a - a. Give p(a).
-1
Let l be 34/6 + (-2)/(-6). Let z(q) be the first derivative of 58 - 14*q + 1/2*q**2. Give z(l).
-8
Let p(j) = j**2 + 21*j - 27. Let c be p(-21). Let s be -53 + (8 - 2)*(-9)/c. Let m = 55 + s. Let w(z) = -z**2 + 4*z - 6. Give w(m).
-6
Let h(w) = -w**3 - 6*w**2 - 3*w - 43. Suppose 179 = 57*n + 302 + 219. Determine h(n).
-25
Let a(t) = -6*t - t**2 - 56*t + 21 + 2*t**2 + 72*t. Determine a(-5).
-4
Let o(b) = b - 2. Let a be o(6). Let q(u) be the first derivative of -u**2 - 3*u - 140. Let x(l) = 4*l + 6. Let h(t) = a*x(t) + 7*q(t). Calculate h(-4).
-5
Let m = -12071 - -12075. Let a(g) be the second derivative of 0*g**2 + 0 + 5*g + 1/12*g**m - g**3. Give a(5).
-5
Let x(r) = -171*r - 2. Let h(t) = -314*t - 4. Let k(i) = 6*h(i) - 11*x(i). What is k(-5)?
13
Let q(u) = -16*u**2 + 35*u - 26. Let f(j) = 3*j**2 - 7*j + 5. Let g(d) = -11*f(d) - 2*q(d). Suppose -3*r - 252 = -39*r. Give g(r).
-3
Let m(n) = -26*n + 841. Let v be (-51)/(459/4)*144/(-2). Calculate m(v).
9
Suppose -l - 2 = -5*d + 7, -d = -5*l + 3. Let j(x) = -17*x - 4. Let f(w) = -23*w - 5. Let k(n) = -3*f(n) + 4*j(n). Determine k(l).
0
Let h(b) be the first derivative of -4*b**3/3 - b**2/2 + 1. Let u(m) = -m**2 + 12*m - 36. Let r = 202 + -195. Let i be u(r). What is h(i)?
-3
Let y(d) = d + 7. Suppose 0 = 4*v - n + 22, v + 20*n - 11 = 23*n. Calculate y(v).
0
Let h(t) = t - 15. Let p = -104 - -194. Suppose -8*q + p = 18. Calculate h(q).
-6
Let s(k) = 8*k - 64 + 36*k**2 - k**3 - 35*k**2 + 84. What is s(4)?
4
Suppose 15*y + 0*y + 75 = 0. Suppose 6*q - 24 = 3*q. Let i(l) = -7*l**3 - 3*l - 7. Let w(f